{"id":18,"date":"2026-03-04T03:15:01","date_gmt":"2026-03-04T03:15:01","guid":{"rendered":"http:\/\/desarmador.mx\/?page_id=18"},"modified":"2026-03-17T01:54:17","modified_gmt":"2026-03-17T01:54:17","slug":"inicio","status":"publish","type":"page","link":"https:\/\/desarmador.mx\/","title":{"rendered":"inicio"},"content":{"rendered":"\n<div style=\"height:100px\" aria-hidden=\"true\" class=\"wp-block-spacer\"><\/div>\n\n\n\n<div class=\"wp-block-columns is-layout-flex wp-container-core-columns-is-layout-28f84493 wp-block-columns-is-layout-flex\">\n<div class=\"wp-block-column is-layout-flow wp-block-column-is-layout-flow\" style=\"flex-basis:30%\"><div id=\"metaslider-id-132\" style=\"width: 100%;\" class=\"ml-slider-3-106-0 metaslider metaslider-flex metaslider-132 ml-slider ms-theme-simply-dark nav-hidden\" role=\"region\" aria-label=\"Black and White Photography\" data-height=\"500\" data-width=\"900\">\n    <div id=\"metaslider_container_132\">\n        <div id=\"metaslider_132\">\n            <ul aria-live='off' class='slides'>\n                <li style=\"display: block; width: 100%;\" class=\"slide-133 ms-image \" aria-roledescription=\"slide\" data-date=\"2026-03-12 01:32:51\" data-filename=\"IMG_1705-scaled-900x500.jpeg\" data-slide-type=\"image\"><img loading=\"lazy\" decoding=\"async\" src=\"https:\/\/desarmador.mx\/wp-content\/uploads\/2026\/03\/IMG_1705-scaled-900x500.jpeg\" height=\"500\" width=\"900\" alt=\"Black and White Photography\" class=\"slider-132 slide-133 msDefaultImage\" title=\"Black and White Photography\" \/><\/li>\n                <li style=\"display: none; width: 100%;\" class=\"slide-135 ms-image \" aria-roledescription=\"slide\" data-date=\"2026-03-12 01:32:53\" data-filename=\"gian-d-YE6iUShVcps-unsplash-scaled-1-900x500.jpg\" data-slide-type=\"image\"><img loading=\"lazy\" decoding=\"async\" src=\"https:\/\/desarmador.mx\/wp-content\/uploads\/2026\/03\/gian-d-YE6iUShVcps-unsplash-scaled-1-900x500.jpg\" height=\"500\" width=\"900\" alt=\"Black and White Photography\" class=\"slider-132 slide-135 msDefaultImage\" title=\"Black and White Photography\" \/><\/li>\n                <li style=\"display: none; width: 100%;\" class=\"slide-137 ms-image \" aria-roledescription=\"slide\" data-date=\"2026-03-12 01:32:54\" data-filename=\"cristina-gottardi-4L-AyDJM-yM-unsplash-scaled-1-900x500.jpg\" data-slide-type=\"image\"><img loading=\"lazy\" decoding=\"async\" src=\"https:\/\/desarmador.mx\/wp-content\/uploads\/2026\/03\/cristina-gottardi-4L-AyDJM-yM-unsplash-scaled-1-900x500.jpg\" height=\"500\" width=\"900\" alt=\"Black and White Photography\" class=\"slider-132 slide-137 msDefaultImage\" title=\"Black and White Photography\" \/><\/li>\n                <li style=\"display: none; width: 100%;\" class=\"slide-139 ms-image \" aria-roledescription=\"slide\" data-date=\"2026-03-12 01:32:55\" data-filename=\"andrea-sonda-ihDDSaHXvEc-unsplash-scaled-1-900x500.jpg\" data-slide-type=\"image\"><img loading=\"lazy\" decoding=\"async\" src=\"https:\/\/desarmador.mx\/wp-content\/uploads\/2026\/03\/andrea-sonda-ihDDSaHXvEc-unsplash-scaled-1-900x500.jpg\" height=\"500\" width=\"900\" alt=\"Black and White Photography\" class=\"slider-132 slide-139 msDefaultImage\" title=\"Black and White Photography\" \/><\/li>\n                <li style=\"display: none; width: 100%;\" class=\"slide-141 ms-image \" aria-roledescription=\"slide\" data-date=\"2026-03-12 01:32:58\" data-filename=\"davidcohen-EhSxbBCjr9A-unsplash-scaled-1-900x500.jpg\" data-slide-type=\"image\"><img loading=\"lazy\" decoding=\"async\" src=\"https:\/\/desarmador.mx\/wp-content\/uploads\/2026\/03\/davidcohen-EhSxbBCjr9A-unsplash-scaled-1-900x500.jpg\" height=\"500\" width=\"900\" alt=\"Black and White Photography\" class=\"slider-132 slide-141 msDefaultImage\" title=\"Black and White Photography\" \/><\/li>\n            <\/ul>\n        <\/div>\n        \n    <\/div>\n<\/div>\n\n\n\n<h2 class=\"wp-block-heading\">servicios realizados<\/h2>\n\n\n\n<p>Lorem ipsum dolor sit amet, consectetur adipiscing elit, sed do eiusmod tempor incididunt ut labore et dolore magna aliqua. Ut enim ad minim veniam, quis nostrud exercitation ullamco laboris nisi ut aliquip ex ea <\/p>\n\n\n\n<iframe src=\"https:\/\/www.google.com\/maps\/embed?pb=!1m18!1m12!1m3!1d3763.3967302598116!2d-99.14756148943418!3d19.39525718180053!2m3!1f0!2f0!3f0!3m2!1i1024!2i768!4f13.1!3m3!1m2!1s0x85d1fefc7c427b09%3A0x160038c9b926eb7e!2sChem%20Dry%20Capital!5e0!3m2!1ses-419!2smx!4v1773285069194!5m2!1ses-419!2smx\" width=\"100%\" height=\"350\" style=\"border:0;\" allowfullscreen=\"\" loading=\"lazy\" referrerpolicy=\"no-referrer-when-downgrade\"><\/iframe>\n<\/div>\n\n\n\n<div class=\"wp-block-column is-layout-flow wp-block-column-is-layout-flow\" style=\"flex-basis:70%\">\n<div class=\"wp-block-columns is-layout-flex wp-container-core-columns-is-layout-28f84493 wp-block-columns-is-layout-flex\">\n<div class=\"wp-block-column is-layout-flow wp-block-column-is-layout-flow\">\n<figure class=\"wp-block-image size-large\"><img loading=\"lazy\" decoding=\"async\" width=\"768\" height=\"1024\" src=\"http:\/\/desarmador.mx\/wp-content\/uploads\/2026\/03\/IMG_1743-768x1024.jpeg\" alt=\"\" class=\"wp-image-110\" srcset=\"https:\/\/desarmador.mx\/wp-content\/uploads\/2026\/03\/IMG_1743-768x1024.jpeg 768w, https:\/\/desarmador.mx\/wp-content\/uploads\/2026\/03\/IMG_1743-225x300.jpeg 225w, https:\/\/desarmador.mx\/wp-content\/uploads\/2026\/03\/IMG_1743-2000x2667.jpeg 2000w, https:\/\/desarmador.mx\/wp-content\/uploads\/2026\/03\/IMG_1743-scaled.jpeg 1920w\" sizes=\"auto, (max-width: 768px) 100vw, 768px\" \/><\/figure>\n<\/div>\n\n\n\n<div class=\"wp-block-column is-layout-flow wp-block-column-is-layout-flow\">\n<figure class=\"wp-block-image size-large\"><img loading=\"lazy\" decoding=\"async\" width=\"1024\" height=\"847\" src=\"http:\/\/desarmador.mx\/wp-content\/uploads\/2026\/03\/IMG_1753-1-1024x847.jpeg\" alt=\"\" class=\"wp-image-111\" srcset=\"https:\/\/desarmador.mx\/wp-content\/uploads\/2026\/03\/IMG_1753-1-1024x847.jpeg 1024w, https:\/\/desarmador.mx\/wp-content\/uploads\/2026\/03\/IMG_1753-1-300x248.jpeg 300w, https:\/\/desarmador.mx\/wp-content\/uploads\/2026\/03\/IMG_1753-1-2000x1655.jpeg 2000w\" sizes=\"auto, (max-width: 1024px) 100vw, 1024px\" \/><\/figure>\n\n\n\n<p class=\"has-text-align-center\">Desp\u00eddete de hongos y manchas con&nbsp;<em>limpieza<\/em>&nbsp;profunda y secado expr\u00e9s.<\/p>\n<\/div>\n\n\n\n<div class=\"wp-block-column is-layout-flow wp-block-column-is-layout-flow\">\n<figure class=\"wp-block-image size-large\"><img loading=\"lazy\" decoding=\"async\" width=\"768\" height=\"1024\" src=\"http:\/\/desarmador.mx\/wp-content\/uploads\/2026\/03\/IMG_1705-768x1024.jpeg\" alt=\"\" class=\"wp-image-112\" srcset=\"https:\/\/desarmador.mx\/wp-content\/uploads\/2026\/03\/IMG_1705-768x1024.jpeg 768w, https:\/\/desarmador.mx\/wp-content\/uploads\/2026\/03\/IMG_1705-225x300.jpeg 225w, https:\/\/desarmador.mx\/wp-content\/uploads\/2026\/03\/IMG_1705-2000x2667.jpeg 2000w, https:\/\/desarmador.mx\/wp-content\/uploads\/2026\/03\/IMG_1705-scaled.jpeg 1920w\" sizes=\"auto, (max-width: 768px) 100vw, 768px\" \/><\/figure>\n<\/div>\n<\/div>\n\n\n\n<div id=\"fb-root\"><\/div>\n<script async defer crossorigin=\"anonymous\" src=\"https:\/\/connect.facebook.net\/es_LA\/sdk.js#xfbml=1&#038;version=v25.0&#038;appId=APP_ID\"><\/script><div class=\"fb-page\" data-href=\"https:\/\/www.facebook.com\/ecoplanrenova\/\" data-tabs=\"timeline\" data-width=\"\" data-height=\"\" data-small-header=\"false\" data-adapt-container-width=\"true\" data-hide-cover=\"false\" data-show-facepile=\"false\"><blockquote cite=\"https:\/\/www.facebook.com\/ecoplanrenova\/\" class=\"fb-xfbml-parse-ignore\"><a href=\"https:\/\/www.facebook.com\/ecoplanrenova\/\">Eco plan Renova<\/a><\/blockquote><\/div>\n<\/div>\n<\/div>\n\n\n\n<div class=\"wp-block-group is-nowrap is-layout-flex wp-container-core-group-is-layout-6c531013 wp-block-group-is-layout-flex\">\n<p class=\"has-text-align-left\">muebles a la medida<\/p>\n\n\n\n<div style=\"height:100px;width:0px\" aria-hidden=\"true\" class=\"wp-block-spacer wp-container-content-6388d5dc\"><\/div>\n<\/div>\n\n\n\n<div class=\"wp-block-cover alignfull\"><img loading=\"lazy\" decoding=\"async\" width=\"1024\" height=\"1003\" class=\"wp-block-cover__image-background wp-image-116\" alt=\"\" src=\"http:\/\/desarmador.mx\/wp-content\/uploads\/2026\/03\/IMG_4919-1024x1003.jpeg\" data-object-fit=\"cover\" srcset=\"https:\/\/desarmador.mx\/wp-content\/uploads\/2026\/03\/IMG_4919-1024x1003.jpeg 1024w, https:\/\/desarmador.mx\/wp-content\/uploads\/2026\/03\/IMG_4919-300x294.jpeg 300w, https:\/\/desarmador.mx\/wp-content\/uploads\/2026\/03\/IMG_4919.jpeg 1284w\" sizes=\"auto, (max-width: 1024px) 100vw, 1024px\" \/><span aria-hidden=\"true\" class=\"wp-block-cover__background has-background-dim\"><\/span><div class=\"wp-block-cover__inner-container is-layout-flow wp-block-cover-is-layout-flow\">\n<p><\/p>\n\n\n\n<p class=\"has-text-align-left has-large-font-size\">muebles a la medida<\/p>\n\n\n\n<p><a href=\"https:\/\/www.google.com\/aclk?sa=L&amp;ai=DChsSEwiqvqfj6JaTAxVqLUQIHdYgOuAYACICCAEQEBoCZHo&amp;co=1&amp;gclid=Cj0KCQjwgr_NBhDFARIsAHiUWr4HAnQ_eggVeryt-GPV7fhSmqlI5lu6NloCNoZjMVuZQK8DnjufUMYaAtuqEALw_wcB&amp;cid=CAASuwHkaPeLi2MkIeXQwEpSCWqhSe19rST7yAUxxT6TelC9ttl5E0xpG2LCqDll-spSho6wDa1gxlMKzxjvoVH6SsZVSb6tymVtZ34JdOhFko9I0MgUKvly-u7v5rlUvDoIMEdaDqxpWr7Ten56ZFc5-TRV24SCfOL6TqKp2R5fGAbQ9WzuqXjn1TnpHbxG3-A-okQMr0RqlYjENnvdav27nPBKvLCOZ5TlAoW9ATpd0nMW68c-ru1MO3nrLFYi&amp;cce=1&amp;sig=AOD64_1tX6_ayuPk47zpriM4PakL-i_mDw&amp;q=&amp;ved=2ahUKEwiKuaLj6JaTAxUnH0QIHYixDgoQh78CegQIDRAB&amp;adurl=\"><\/a><\/p>\n\n\n\n<p><a href=\"https:\/\/www.google.com\/aclk?sa=L&amp;ai=DChsSEwiqvqfj6JaTAxVqLUQIHdYgOuAYACICCAEQARoCZHo&amp;co=1&amp;gclid=Cj0KCQjwgr_NBhDFARIsAHiUWr7_snO8DNZQYtTgNyUiGIOSYWMDPMdJYQhmJonu7ucva2B3W-cuOn0aAnigEALw_wcB&amp;cid=CAASuwHkaPeLi2MkIeXQwEpSCWqhSe19rST7yAUxxT6TelC9ttl5E0xpG2LCqDll-spSho6wDa1gxlMKzxjvoVH6SsZVSb6tymVtZ34JdOhFko9I0MgUKvly-u7v5rlUvDoIMEdaDqxpWr7Ten56ZFc5-TRV24SCfOL6TqKp2R5fGAbQ9WzuqXjn1TnpHbxG3-A-okQMr0RqlYjENnvdav27nPBKvLCOZ5TlAoW9ATpd0nMW68c-ru1MO3nrLFYi&amp;cce=1&amp;sig=AOD64_3KbrvC4fJcJdb95-MJlBRwQCiljA&amp;adurl=&amp;q=\"><\/a><\/p>\n\n\n\n<p>Servicio a domicilio \u2014 Conoce nuestros paquetes, tenemos uno para cada una de tus necesidades. recolectamos tu tapete en tu domicilio y lo entregamos una semana despu\u00e9s sin costo alguno. tratamiento de orina. tapetes orientales.<\/p>\n\n\n\n<figure class=\"wp-block-image size-large is-resized has-custom-border\" style=\"margin-top:0;margin-bottom:0\"><img loading=\"lazy\" decoding=\"async\" width=\"1024\" height=\"847\" src=\"http:\/\/desarmador.mx\/wp-content\/uploads\/2026\/03\/IMG_1753-2-1024x847.jpeg\" alt=\"\" class=\"has-border-color wp-image-125\" style=\"border-color:#000;border-width:10px;border-top-left-radius:37px;border-top-right-radius:37px;border-bottom-left-radius:37px;border-bottom-right-radius:37px;width:300px\" srcset=\"https:\/\/desarmador.mx\/wp-content\/uploads\/2026\/03\/IMG_1753-2-1024x847.jpeg 1024w, https:\/\/desarmador.mx\/wp-content\/uploads\/2026\/03\/IMG_1753-2-300x248.jpeg 300w, https:\/\/desarmador.mx\/wp-content\/uploads\/2026\/03\/IMG_1753-2-2000x1655.jpeg 2000w\" sizes=\"auto, (max-width: 1024px) 100vw, 1024px\" \/><\/figure>\n<\/div><\/div>\n\n\n\n<div style=\"height:100px\" aria-hidden=\"true\" class=\"wp-block-spacer\"><\/div>\n\n\n\n<figure class=\"wp-block-embed is-type-video is-provider-youtube wp-block-embed-youtube wp-embed-aspect-16-9 wp-has-aspect-ratio\"><div class=\"wp-block-embed__wrapper\">\n<iframe loading=\"lazy\" title=\"CASA GEOM\u00c9TRICA FLOTANTE: una joya arquitect\u00f3nica en CDMX | Obras Ajenas | Antonio Farr\u00e9\" width=\"950\" height=\"534\" src=\"https:\/\/www.youtube.com\/embed\/JpVIr8Xhdl0?feature=oembed\" frameborder=\"0\" allow=\"accelerometer; autoplay; clipboard-write; encrypted-media; gyroscope; picture-in-picture; web-share\" referrerpolicy=\"strict-origin-when-cross-origin\" allowfullscreen><\/iframe>\n<\/div><\/figure>\n\n\n\n<div style=\"height:100px\" aria-hidden=\"true\" class=\"wp-block-spacer\"><\/div>\n\n\n<div id=\"metaslider-id-132\" style=\"width: 100%;\" class=\"ml-slider-3-106-0 metaslider metaslider-flex metaslider-132 ml-slider ms-theme-simply-dark nav-hidden nav-hidden\" role=\"region\" aria-label=\"Black and White Photography\" data-height=\"500\" data-width=\"900\">\n    <div id=\"metaslider_container_132\">\n        <div id=\"metaslider_132\">\n            <ul aria-live='off' class='slides'>\n                <li style=\"display: block; width: 100%;\" class=\"slide-133 ms-image \" aria-roledescription=\"slide\" data-date=\"2026-03-12 01:32:51\" data-filename=\"IMG_1705-scaled-900x500.jpeg\" data-slide-type=\"image\"><img loading=\"lazy\" decoding=\"async\" src=\"https:\/\/desarmador.mx\/wp-content\/uploads\/2026\/03\/IMG_1705-scaled-900x500.jpeg\" height=\"500\" width=\"900\" alt=\"Black and White Photography\" class=\"slider-132 slide-133 msDefaultImage\" title=\"Black and White Photography\" \/><\/li>\n                <li style=\"display: none; width: 100%;\" class=\"slide-135 ms-image \" aria-roledescription=\"slide\" data-date=\"2026-03-12 01:32:53\" data-filename=\"gian-d-YE6iUShVcps-unsplash-scaled-1-900x500.jpg\" data-slide-type=\"image\"><img loading=\"lazy\" decoding=\"async\" src=\"https:\/\/desarmador.mx\/wp-content\/uploads\/2026\/03\/gian-d-YE6iUShVcps-unsplash-scaled-1-900x500.jpg\" height=\"500\" width=\"900\" alt=\"Black and White Photography\" class=\"slider-132 slide-135 msDefaultImage\" title=\"Black and White Photography\" \/><\/li>\n                <li style=\"display: none; width: 100%;\" class=\"slide-137 ms-image \" aria-roledescription=\"slide\" data-date=\"2026-03-12 01:32:54\" data-filename=\"cristina-gottardi-4L-AyDJM-yM-unsplash-scaled-1-900x500.jpg\" data-slide-type=\"image\"><img loading=\"lazy\" decoding=\"async\" src=\"https:\/\/desarmador.mx\/wp-content\/uploads\/2026\/03\/cristina-gottardi-4L-AyDJM-yM-unsplash-scaled-1-900x500.jpg\" height=\"500\" width=\"900\" alt=\"Black and White Photography\" class=\"slider-132 slide-137 msDefaultImage\" title=\"Black and White Photography\" \/><\/li>\n                <li style=\"display: none; width: 100%;\" class=\"slide-139 ms-image \" aria-roledescription=\"slide\" data-date=\"2026-03-12 01:32:55\" data-filename=\"andrea-sonda-ihDDSaHXvEc-unsplash-scaled-1-900x500.jpg\" data-slide-type=\"image\"><img loading=\"lazy\" decoding=\"async\" src=\"https:\/\/desarmador.mx\/wp-content\/uploads\/2026\/03\/andrea-sonda-ihDDSaHXvEc-unsplash-scaled-1-900x500.jpg\" height=\"500\" width=\"900\" alt=\"Black and White Photography\" class=\"slider-132 slide-139 msDefaultImage\" title=\"Black and White Photography\" \/><\/li>\n                <li style=\"display: none; width: 100%;\" class=\"slide-141 ms-image \" aria-roledescription=\"slide\" data-date=\"2026-03-12 01:32:58\" data-filename=\"davidcohen-EhSxbBCjr9A-unsplash-scaled-1-900x500.jpg\" data-slide-type=\"image\"><img loading=\"lazy\" decoding=\"async\" src=\"https:\/\/desarmador.mx\/wp-content\/uploads\/2026\/03\/davidcohen-EhSxbBCjr9A-unsplash-scaled-1-900x500.jpg\" height=\"500\" width=\"900\" alt=\"Black and White Photography\" class=\"slider-132 slide-141 msDefaultImage\" title=\"Black and White Photography\" \/><\/li>\n            <\/ul>\n        <\/div>\n        \n    <\/div>\n<\/div>\n\n\n\n<p><\/p>\n","protected":false},"excerpt":{"rendered":"<p>servicios realizados Lorem ipsum dolor sit amet, consectetur adipiscing elit, sed do eiusmod tempor incididunt ut labore et dolore magna aliqua. Ut enim ad minim veniam, quis nostrud exercitation ullamco laboris nisi ut aliquip ex ea Desp\u00eddete de hongos y manchas con&nbsp;limpieza&nbsp;profunda y secado expr\u00e9s. Eco plan Renova muebles a la medida<\/p>\n","protected":false},"author":1,"featured_media":48,"parent":0,"menu_order":0,"comment_status":"closed","ping_status":"closed","template":"","meta":{"inspiro_hide_title":false,"footnotes":""},"class_list":["post-18","page","type-page","status-publish","has-post-thumbnail","hentry"],"yoast_head":"<!-- This site is optimized with the Yoast SEO plugin v27.2 - https:\/\/yoast.com\/product\/yoast-seo-wordpress\/ -->\n<title>inicio - marketplace<\/title>\n<meta name=\"robots\" content=\"index, follow, max-snippet:-1, max-image-preview:large, max-video-preview:-1\" \/>\n<link rel=\"canonical\" href=\"https:\/\/desarmador.mx\/\" \/>\n<meta property=\"og:locale\" content=\"es_MX\" \/>\n<meta property=\"og:type\" content=\"article\" \/>\n<meta property=\"og:title\" content=\"inicio - marketplace\" \/>\n<meta property=\"og:description\" content=\"servicios realizados Lorem ipsum dolor sit amet, consectetur adipiscing elit, sed do eiusmod tempor incididunt ut labore et dolore magna aliqua. Ut enim ad minim veniam, quis nostrud exercitation ullamco laboris nisi ut aliquip ex ea Desp\u00eddete de hongos y manchas con&nbsp;limpieza&nbsp;profunda y secado expr\u00e9s. Eco plan Renova muebles a la medida\" \/>\n<meta property=\"og:url\" content=\"https:\/\/desarmador.mx\/\" \/>\n<meta property=\"og:site_name\" content=\"marketplace\" \/>\n<meta property=\"article:modified_time\" content=\"2026-03-17T01:54:17+00:00\" \/>\n<meta property=\"og:image\" content=\"https:\/\/desarmador.mx\/wp-content\/uploads\/2026\/03\/architect-3979490_640-1.jpg\" \/>\n\t<meta property=\"og:image:width\" content=\"640\" \/>\n\t<meta property=\"og:image:height\" content=\"385\" \/>\n\t<meta property=\"og:image:type\" content=\"image\/jpeg\" \/>\n<meta name=\"twitter:card\" content=\"summary_large_image\" \/>\n<meta name=\"twitter:label1\" content=\"Tiempo de lectura\" \/>\n\t<meta name=\"twitter:data1\" content=\"1 minuto\" \/>\n<script type=\"application\/ld+json\" class=\"yoast-schema-graph\">{\"@context\":\"https:\/\/schema.org\",\"@graph\":[{\"@type\":\"WebPage\",\"@id\":\"https:\/\/desarmador.mx\/\",\"url\":\"https:\/\/desarmador.mx\/\",\"name\":\"inicio - marketplace\",\"isPartOf\":{\"@id\":\"https:\/\/desarmador.mx\/#website\"},\"primaryImageOfPage\":{\"@id\":\"https:\/\/desarmador.mx\/#primaryimage\"},\"image\":{\"@id\":\"https:\/\/desarmador.mx\/#primaryimage\"},\"thumbnailUrl\":\"https:\/\/desarmador.mx\/wp-content\/uploads\/2026\/03\/architect-3979490_640-1.jpg\",\"datePublished\":\"2026-03-04T03:15:01+00:00\",\"dateModified\":\"2026-03-17T01:54:17+00:00\",\"breadcrumb\":{\"@id\":\"https:\/\/desarmador.mx\/#breadcrumb\"},\"inLanguage\":\"es\",\"potentialAction\":[{\"@type\":\"ReadAction\",\"target\":[\"https:\/\/desarmador.mx\/\"]}]},{\"@type\":\"ImageObject\",\"inLanguage\":\"es\",\"@id\":\"https:\/\/desarmador.mx\/#primaryimage\",\"url\":\"https:\/\/desarmador.mx\/wp-content\/uploads\/2026\/03\/architect-3979490_640-1.jpg\",\"contentUrl\":\"https:\/\/desarmador.mx\/wp-content\/uploads\/2026\/03\/architect-3979490_640-1.jpg\",\"width\":640,\"height\":385},{\"@type\":\"BreadcrumbList\",\"@id\":\"https:\/\/desarmador.mx\/#breadcrumb\",\"itemListElement\":[{\"@type\":\"ListItem\",\"position\":1,\"name\":\"Inicio\",\"item\":\"https:\/\/desarmador.mx\/\"},{\"@type\":\"ListItem\",\"position\":2,\"name\":\"inicio\"}]},{\"@type\":\"WebSite\",\"@id\":\"https:\/\/desarmador.mx\/#website\",\"url\":\"https:\/\/desarmador.mx\/\",\"name\":\"marketplace\",\"description\":\"\",\"potentialAction\":[{\"@type\":\"SearchAction\",\"target\":{\"@type\":\"EntryPoint\",\"urlTemplate\":\"https:\/\/desarmador.mx\/?s={search_term_string}\"},\"query-input\":{\"@type\":\"PropertyValueSpecification\",\"valueRequired\":true,\"valueName\":\"search_term_string\"}}],\"inLanguage\":\"es\"}]}<\/script>\n<!-- \/ Yoast SEO plugin. -->","yoast_head_json":{"title":"inicio - marketplace","robots":{"index":"index","follow":"follow","max-snippet":"max-snippet:-1","max-image-preview":"max-image-preview:large","max-video-preview":"max-video-preview:-1"},"canonical":"https:\/\/desarmador.mx\/","og_locale":"es_MX","og_type":"article","og_title":"inicio - marketplace","og_description":"servicios realizados Lorem ipsum dolor sit amet, consectetur adipiscing elit, sed do eiusmod tempor incididunt ut labore et dolore magna aliqua. Ut enim ad minim veniam, quis nostrud exercitation ullamco laboris nisi ut aliquip ex ea Desp\u00eddete de hongos y manchas con&nbsp;limpieza&nbsp;profunda y secado expr\u00e9s. Eco plan Renova muebles a la medida","og_url":"https:\/\/desarmador.mx\/","og_site_name":"marketplace","article_modified_time":"2026-03-17T01:54:17+00:00","og_image":[{"width":640,"height":385,"url":"https:\/\/desarmador.mx\/wp-content\/uploads\/2026\/03\/architect-3979490_640-1.jpg","type":"image\/jpeg"}],"twitter_card":"summary_large_image","twitter_misc":{"Tiempo de lectura":"1 minuto"},"schema":{"@context":"https:\/\/schema.org","@graph":[{"@type":"WebPage","@id":"https:\/\/desarmador.mx\/","url":"https:\/\/desarmador.mx\/","name":"inicio - marketplace","isPartOf":{"@id":"https:\/\/desarmador.mx\/#website"},"primaryImageOfPage":{"@id":"https:\/\/desarmador.mx\/#primaryimage"},"image":{"@id":"https:\/\/desarmador.mx\/#primaryimage"},"thumbnailUrl":"https:\/\/desarmador.mx\/wp-content\/uploads\/2026\/03\/architect-3979490_640-1.jpg","datePublished":"2026-03-04T03:15:01+00:00","dateModified":"2026-03-17T01:54:17+00:00","breadcrumb":{"@id":"https:\/\/desarmador.mx\/#breadcrumb"},"inLanguage":"es","potentialAction":[{"@type":"ReadAction","target":["https:\/\/desarmador.mx\/"]}]},{"@type":"ImageObject","inLanguage":"es","@id":"https:\/\/desarmador.mx\/#primaryimage","url":"https:\/\/desarmador.mx\/wp-content\/uploads\/2026\/03\/architect-3979490_640-1.jpg","contentUrl":"https:\/\/desarmador.mx\/wp-content\/uploads\/2026\/03\/architect-3979490_640-1.jpg","width":640,"height":385},{"@type":"BreadcrumbList","@id":"https:\/\/desarmador.mx\/#breadcrumb","itemListElement":[{"@type":"ListItem","position":1,"name":"Inicio","item":"https:\/\/desarmador.mx\/"},{"@type":"ListItem","position":2,"name":"inicio"}]},{"@type":"WebSite","@id":"https:\/\/desarmador.mx\/#website","url":"https:\/\/desarmador.mx\/","name":"marketplace","description":"","potentialAction":[{"@type":"SearchAction","target":{"@type":"EntryPoint","urlTemplate":"https:\/\/desarmador.mx\/?s={search_term_string}"},"query-input":{"@type":"PropertyValueSpecification","valueRequired":true,"valueName":"search_term_string"}}],"inLanguage":"es"}]}},"_links":{"self":[{"href":"https:\/\/desarmador.mx\/index.php\/wp-json\/wp\/v2\/pages\/18","targetHints":{"allow":["GET"]}}],"collection":[{"href":"https:\/\/desarmador.mx\/index.php\/wp-json\/wp\/v2\/pages"}],"about":[{"href":"https:\/\/desarmador.mx\/index.php\/wp-json\/wp\/v2\/types\/page"}],"author":[{"embeddable":true,"href":"https:\/\/desarmador.mx\/index.php\/wp-json\/wp\/v2\/users\/1"}],"replies":[{"embeddable":true,"href":"https:\/\/desarmador.mx\/index.php\/wp-json\/wp\/v2\/comments?post=18"}],"version-history":[{"count":34,"href":"https:\/\/desarmador.mx\/index.php\/wp-json\/wp\/v2\/pages\/18\/revisions"}],"predecessor-version":[{"id":184,"href":"https:\/\/desarmador.mx\/index.php\/wp-json\/wp\/v2\/pages\/18\/revisions\/184"}],"wp:featuredmedia":[{"embeddable":true,"href":"https:\/\/desarmador.mx\/index.php\/wp-json\/wp\/v2\/media\/48"}],"wp:attachment":[{"href":"https:\/\/desarmador.mx\/index.php\/wp-json\/wp\/v2\/media?parent=18"}],"curies":[{"name":"wp","href":"https:\/\/api.w.org\/{rel}","templated":true}]}}